-2). Calculate the highest common factor of y and q.
9
Let x(y) = 5*y**2 - 4*y - 3. Let a be x(-3). Calculate the greatest common divisor of a and 6.
6
Suppose -3*d - 2*o = -86, d - o = -2*o + 30. What is the greatest common factor of 26 and d?
26
Suppose -225 = -5*d + 4*y, 3*y + 0 = d - 34. What is the highest common divisor of d and 7?
7
Let k be (-6)/18*(-7 + -2). Suppose -3*m = -z + 34 + 6, 0 = k*m. Calculate the highest common divisor of z and 10.
10
Suppose -5*g + 64 = -11. Suppose 0 = -4*z - 8, 4*t - 8*z + 10 = -3*z. Let b = t + g. What is the highest common divisor of 4 and b?
2
Let h = 6 - 9. Let q = 12 + h. Let a(f) = f**3 + 7*f**2 + 6*f - 11. Let j be a(-5). Calculate the highest common divisor of q and j.
9
Let b = -2 - -6. Suppose -b*r + 6*r = 12. Calculate the highest common divisor of 6 and r.
6
Suppose -3*b = -b - 10. Let o(f) = 3*f - 1. Let d be o(b). Suppose -40 = -3*q + d. What is the greatest common factor of q and 18?
18
Let s = -28 - -64. Suppose -s - 29 = -5*h. Calculate the highest common factor of h and 65.
13
Suppose -39*s = -36*s - 525. Calculate the highest common divisor of s and 70.
35
Let n be -4 + 20 + (-8)/2. Calculate the highest common divisor of 12 and n.
12
Suppose 0 = -0*m - 3*m - 3. Let l(o) = 16*o**2 + 2*o + 1. Let q be l(m). Calculate the highest common divisor of q and 5.
5
Suppose -3*k = -4*l + 30, -4*k = -4*l + 37 - 1. Let g = -3 - k. Suppose 0 = 4*q - 4. Calculate the highest common factor of g and q.
1
Let u be -1*(-8 - 0) - -2. Let z be u/(((-3)/(-6))/1). Calculate the greatest common divisor of 5 and z.
5
Let r(z) = z**3 - 12*z**2 + 29. Let t be r(12). What is the greatest common divisor of t and 87?
29
Let w be (-1)/(-1)*-1 - -7. Suppose -4*f = 2 - 62. Suppose v = f + 51. What is the highest common factor of v and w?
6
Let g be 37 - (4 + -2)/2. Suppose 0 = t - 5*t + 48. What is the greatest common divisor of t and g?
12
Let q = 4 - 5. Let z be (-4)/(-16) + q/4. Suppose 5*h - 2*l = z, -2*l = -l - 5. What is the greatest common divisor of h and 2?
2
Let f(y) = 16*y + 1. Let x be f(-1). Let z be x*(-3)/(30/8). What is the highest common divisor of 84 and z?
12
Suppose 3*r - 40 + 10 = 0. Suppose 2*f - 59 = s - 4*s, -2*s = -3*f + 69. What is the highest common divisor of f and r?
5
Suppose 8*w = 3*w + 1870. What is the highest common divisor of 34 and w?
34
Suppose 4*c - 7 = 4*w - 3, -5*w + 4*c = 4. Suppose -g - n = 1, w*g + n = -2*g - 6. Let f = g - -10. Calculate the greatest common divisor of f and 20.
5
Let m = 0 - -2. Suppose 2*q = -u - 6, 4*q - m*u + 12 = u. Let g be (-1)/(-1)*(-51)/q. Calculate the highest common factor of 17 and g.
17
Let s = 23 + -8. Suppose s*o - 10*o = 15. Calculate the highest common divisor of 24 and o.
3
Let i(t) = 4*t - 14. Let s be i(8). What is the highest common factor of 6 and s?
6
Suppose -p = -6*p + 2*b + 18, 5*p = -3*b + 23. What is the highest common divisor of 32 and p?
4
Let w(m) = m + 2*m - 3 + m**2 + 18*m**2 - 4*m**2. Let j be w(2). Calculate the highest common factor of j and 9.
9
Suppose -11 = 6*y - 23. What is the highest common divisor of y and 2?
2
Suppose 12 = 6*o - 3*o. Suppose -a = -o*a + 462. Let f(b) = 3*b - 1. Let v be f(5). Calculate the highest common factor of v and a.
14
Let w = -43 + 63. Suppose -u = 5*z - 701, 3*u - 212 - 71 = -2*z. What is the greatest common factor of w and z?
20
Let q(i) = i**3 + i**2 - 2*i + 1. Let b be q(1). Suppose 0 = -7*u - 4*u + 44. What is the highest common factor of b and u?
1
Suppose 5*x = 8*x - 27. Calculate the highest common divisor of 36 and x.
9
Let p(l) be the second derivative of -2*l**3/3 - 10*l**2 + 6*l. Let h be p(-9). What is the highest common divisor of h and 2?
2
Suppose 6*z = 157 + 17. What is the greatest common factor of 261 and z?
29
Suppose 10 = -3*d - 20. Let r be 1/(-5) + 108/d. Let q = r + 15. What is the greatest common factor of 4 and q?
4
Let r = -28 - -141. Let q = -63 + r. Calculate the greatest common divisor of 125 and q.
25
Let f be (-25)/(-1) + (-4 - -1). Let p = 6 + -3. Suppose 3*n - 5*r + 14 = 0, p*n + 3*r = 31 - 13. Calculate the greatest common divisor of f and n.
2
Let k be (-32)/64 + (54/4 - 0). Calculate the highest common divisor of 117 and k.
13
Suppose -4*j = 2*q - j - 33, -4*j = 3*q - 50. What is the highest common divisor of q and 45?
9
Let y(t) = t**3 - 17*t**2 + 2*t - 2. Let x be y(17). Let i = 27 + -11. Calculate the greatest common divisor of x and i.
16
Let y(n) = -n**2 + 13*n - 38. Let u be y(6). What is the greatest common factor of u and 28?
4
Suppose -s + 0 = -3. Let k = s - -8. Calculate the highest common divisor of 77 and k.
11
Let r(m) = 25*m + 3. Let z be r(3). What is the highest common factor of 26 and z?
26
Let h be 14/(-4)*(-4)/7. Suppose 5*g - 125 = l, 3*g = h*l + 44 + 38. Calculate the greatest common divisor of 72 and g.
24
Suppose -2*z + q = -2*q - 121, -q = -z + 62. Let h = z - 43. Suppose -165 = -7*y + 4*y. What is the greatest common factor of y and h?
11
Suppose s - 8 = 12. Calculate the highest common divisor of 4 and s.
4
Suppose 3*k - 484 = 4*a, k = -8*a + 3*a + 193. Suppose 17 = 2*d - 25. Calculate the greatest common factor of k and d.
21
Let n(x) = -2*x. Let f be n(-2). Suppose 0 = m - 2*t - 6, f*m + 3*t - 3 = -1. Let l(q) = 9*q - 2. Let i be l(2). What is the highest common divisor of m and i?
2
Suppose 0*o + 11 = 3*o - f, 5 = -f. Calculate the greatest common factor of 8 and o.
2
Suppose -40 = -3*y - 2*y. Let m be -3 + 0 + (-28)/(-1). Suppose v - y = m. What is the greatest common divisor of v and 3?
3
Suppose -4 + 0 = -k. Suppose -3*j = 3*h - 114, -3*h + 125 - 13 = k*j. Suppose 5*f + 3*y = y + 78, 4*f + 3*y = 61. What is the greatest common factor of f and h?
8
Let s be 5/(-2)*12/(-10). Suppose -s*v + 4 = -v. Let n be 22 - 3/((-3)/v). Calculate the greatest common factor of 60 and n.
12
Let h(t) be the first derivative of -3*t**2/2 + 4*t - 1. Let f be h(3). Let y = f + 14. Calculate the highest common factor of 9 and y.
9
Let g = -11 - -8. Let d be ((-6)/4)/(g/210). Suppose -5*c = -152 - 58. Calculate the highest common divisor of c and d.
21
Suppose -g + 4 = 2. Suppose 26 = 2*l + 5*c, l - 8 = c - 2. Suppose -8 = 2*f + 3*b, l = 4*b - 6*b. Calculate the greatest common factor of g and f.
2
Suppose -j = 8 - 20. Calculate the greatest common divisor of 3 and j.
3
Let n = -35 - -62. Let c = 45 - n. Calculate the greatest common factor of 54 and c.
18
Let i be 63 + 0/(-2) + -3. Let l(z) = -z + 5*z + 4*z. Let n be l(3). What is the highest common divisor of i and n?
12
Let p be 4/12 + (-56)/(-3). Let t be (2 + 10)/((-2)/(-5)). Let f = t - -122. What is the greatest common factor of p and f?
19
Suppose b - 6*b + 3*z + 84 = 0, 3*b + 3*z = 36. What is the highest common divisor of 45 and b?
15
Let i(y) = -y**2 - y + 34. Let d be i(-3). Let q = -26 + 40. What is the highest common factor of q and d?
14
Suppose 88 = 3*v + o, 10 = -0*o - 5*o. Calculate the highest common divisor of 90 and v.
30
Suppose -32 = -9*i + 67. Calculate the highest common factor of i and 44.
11
Suppose 0*d + 2*d - n = 107, -d - n = -55. Suppose 2*b = 3*b + 6. Let o = b + 24. Calculate the greatest common factor of d and o.
18
Let v be 12 + (0/3)/(-4). What is the greatest common divisor of 24 and v?
12
Let r = 9 + -5. Suppose 2*c = 5*v + r*c - 628, 5*c = 4*v - 509. What is the greatest common factor of 21 and v?
21
Suppose -105 + 101 = -2*w. Suppose 2*i + 3*i - 15 = 0. Suppose -n + 25 = 3*y, 0 = y + i*y - 12. Calculate the highest common factor of n and w.
2
Suppose 49 + 11 = 4*t. Let w be 1/(-3)*-3*t. Suppose -d - 2*c + 0*c = -71, -371 = -5*d - 2*c. Calculate the highest common factor of w and d.
15
Let z(p) = 3*p**2 - 2*p - 1. Let q be z(6). What is the highest common divisor of q and 19?
19
Let f(c) = 2*c + 2. Let r = -2 + -2. Let i be f(r). Let u be (i - -1)/((-5)/20). What is the highest common divisor of u and 5?
5
Suppose o + 7 = 9. Suppose o*p - 3*t = p + 60, 360 = 5*p - 3*t. What is the highest common factor of p and 15?
15
Suppose -4*g - 30 - 10 = 0. Let d = g - -15. What is the highest common divisor of d and 1?
1
Let t(n) = n**2 + n + 2. Let h be t(0). Suppose 0 = -h*a - l + 2*l + 67, 0 = 2*a + 5*l - 73. Let y be 1 + 3/2*a. What is the greatest common fa